, 396293
List the prime factors of 1939768343.
41, 2671, 17713
List the prime factors of 3296861765.
5, 17, 47, 825247
What are the prime factors of 2670385579?
2003, 1333193
What are the prime factors of 1326534222?
2, 3, 13, 17006849
What are the prime factors of 175281952?
2, 941, 5821
What are the prime factors of 2514566508?
2, 3, 209547209
What are the prime factors of 2264186817?
3, 2861, 29311
List the prime factors of 350090868.
2, 3, 2399, 12161
What are the prime factors of 21910458?
2, 3, 19, 71, 2707
List the prime factors of 177883598.
2, 88941799
List the prime factors of 128391296.
2, 11, 67, 1361
What are the prime factors of 4390182417?
3, 1463394139
What are the prime factors of 3915089?
1217, 3217
What are the prime factors of 1287305660?
2, 5, 59, 1090937
What are the prime factors of 2795003?
2795003
List the prime factors of 349085483.
569, 613507
List the prime factors of 5575410042.
2, 3, 71, 131, 99907
List the prime factors of 42917974.
2, 11, 177347
What are the prime factors of 851686425?
3, 5, 3785273
List the prime factors of 19912910.
2, 5, 389, 5119
List the prime factors of 110179834.
2, 55089917
List the prime factors of 18171778.
2, 61, 148949
List the prime factors of 2906009230.
2, 5, 37, 43, 182653
List the prime factors of 117830819.
53, 71, 173, 181
What are the prime factors of 783012506?
2, 23, 41, 415171
What are the prime factors of 57215159?
97, 589847
What are the prime factors of 29834258?
2, 2887, 5167
What are the prime factors of 205471737?
3, 22830193
What are the prime factors of 279807105?
3, 5, 463, 40289
What are the prime factors of 108948996?
2, 3, 13, 73, 1063
List the prime factors of 605280207.
3, 7, 19, 479, 3167
What are the prime factors of 35518554?
2, 3, 131, 5021
List the prime factors of 35460931.
11, 31, 103991
List the prime factors of 57670271.
719, 80209
List the prime factors of 332321320.
2, 5, 8308033
What are the prime factors of 89375657?
7, 1823993
What are the prime factors of 670151010?
2, 3, 5, 22338367
What are the prime factors of 132476199?
3, 44158733
What are the prime factors of 303021537?
3, 7, 13, 158567
What are the prime factors of 82739285?
5, 16547857
List the prime factors of 654982815.
3, 5, 127, 343823
What are the prime factors of 44188583?
61, 724403
List the prime factors of 244571437.
11, 41, 113, 4799
What are the prime factors of 64893712?
2, 13, 101, 3089
What are the prime factors of 39473047?
113, 271, 1289
What are the prime factors of 859978424?
2, 53, 883, 2297
What are the prime factors of 1152031104?
2, 3, 7, 19, 73, 103
List the prime factors of 168119624.
2, 97, 216649
What are the prime factors of 5802775?
5, 11, 21101
List the prime factors of 5082853871.
5082853871
What are the prime factors of 1005974308?
2, 59, 79, 683
List the prime factors of 33202609.
11, 227, 13297
What are the prime factors of 3579998089?
103, 5471, 6353
What are the prime factors of 1776978?
2, 3, 7, 1567
List the prime factors of 780966094.
2, 17, 1571, 14621
List the prime factors of 3580048600.
2, 5, 229, 78167
List the prime factors of 350493533.
13, 31, 79, 101, 109
List the prime factors of 37259444.
2, 17, 37, 59, 251
List the prime factors of 39135919.
31, 379, 3331
What are the prime factors of 118019196?
2, 3, 37, 251, 353
List the prime factors of 205821047.
37, 1321, 4211
What are the prime factors of 570926694?
2, 3, 13, 61, 119993
List the prime factors of 281823624.
2, 3, 29, 4999
List the prime factors of 41081632.
2, 29, 44269
List the prime factors of 548639131.
47, 11673173
What are the prime factors of 4699760849?
7, 53, 461, 27479
List the prime factors of 105691558.
2, 7, 1619, 4663
List the prime factors of 175690952.
2, 21961369
List the prime factors of 6465535.
5, 97, 13331
What are the prime factors of 415052843?
29, 493523
List the prime factors of 96961753.
7, 13851679
List the prime factors of 2196741192.
2, 3, 91530883
List the prime factors of 66192972.
2, 3, 53, 199, 523
List the prime factors of 530760686.
2, 127, 311, 6719
List the prime factors of 469125473.
1667, 281419
List the prime factors of 13160117.
23, 572179
What are the prime factors of 909329433?
3, 3779, 80209
What are the prime factors of 1890843380?
2, 5, 281, 509, 661
What are the prime factors of 100288161?
3, 3019, 3691
What are the prime factors of 17849620?
2, 5, 892481
List the prime factors of 1031911776.
2, 3, 7, 83, 881
What are the prime factors of 161034935?
5, 53, 227, 2677
What are the prime factors of 169172564?
2, 11, 107, 35933
What are the prime factors of 777468591?
3, 28795133
What are the prime factors of 226559221?
7, 17, 1903859
What are the prime factors of 23330633?
103, 226511
List the prime factors of 179198774.
2, 2273, 39419
List the prime factors of 9020568443.
9020568443
What are the prime factors of 2713164933?
3, 67, 311, 43403
What are the prime factors of 149807550?
2, 3, 5, 998717
List the prime factors of 686473869.
3, 47, 4868609
List the prime factors of 39873036.
2, 3, 7, 257, 1847
List the prime factors of 55532404.
2, 17, 816653
List the prime factors of 30910886.
2, 15455443
What are the prime factors of 192130507?
421, 456367
What are the prime factors of 584295351?
3, 317, 463, 1327
List the prime factors of 355435570.
2, 5, 7, 347, 14633
What are the prime factors of 1774463693?
1774463693
What are the prime factors of 1115727946?
2, 4337, 128629
List the prime factors of 1230181004.
2, 13, 23657327
What are the prime factors of 1808105536?
2, 163, 353, 491
What are the prime factors of 16544676?
2, 3, 503, 2741
List the prime factors of 3657456257.
7, 13, 137, 22567
What are the prime factors of 6309083661?
3, 29, 61, 151, 7873
List the prime factors of 1895862024.
2, 3, 7, 417959
What are the prime factors of 780423120?
2, 3, 5, 23, 683
List the prime factors of 48823635.
3, 5, 7, 19, 24473
List the prime factors of 3230225845.
5, 7, 11, 17, 493541
What are the prime factors of 9273114?
2, 3, 515173
What are the prime factors of 164017791?
3, 7, 289273
What are the prime factors of 2174631514?
2, 11, 98846887
What are the prime factors of 604697414?
2, 5011, 60337
What are the prime factors of 823299378?
2, 3, 11, 2011, 6203
List the prime factors of 1495308682.
2, 7, 79, 1351997
List the prime factors of 474392040.
2, 3, 5, 3953267
List the prime factors of 9439308.
2, 3, 71, 1231
List the prime factors of 21078971.
23, 916477
What are the prime factors of 7328499204?
2, 3, 13, 46977559
What are the prime factors of 81518233?
23, 1543, 2297
What are the prime factors of 20439961?
4231, 4831
List the prime factors of 2525629779.
3, 229, 601, 2039
What are the prime factors of 1305076883?
11, 19, 61, 102367
List the prime factors of 3678016017.
3, 13, 94308103
What are the prime factors of 233543720?
2, 5, 5838593
What are the prime factors of 44386936?
2, 11, 29, 17393
What are the prime factors of 1951160067?
3, 8387, 25849
What are the prime factors of 38797744?
2, 2424859
List the prime factors of 453916523.
23, 101, 195401
List the prime factors of 54024699.
3, 37, 181, 2689
What are the prime factors of 1193216750?
2, 5, 11, 269, 1613
What are the prime factors of 852853177?
11, 41, 1891027
List the prime factors of 80432520.
2, 3, 5, 7, 13679
List the prime factors of 324750063.
3, 11, 73, 134807
What are the prime factors of 1918967906?
2, 959483953
List the prime factors of 129629208.
2, 3, 41, 103, 1279
List the prime factors of 7107398.
2, 3553699
What are the prime factors of 197176034?
2, 11, 19, 37, 61
What are the prime factors of 2718568242?
2, 3, 13, 2339, 4967
List the prime factors of 77349419.
7, 53, 208489
List the prime factors of 22556060.
2, 5, 1127803
What are the prime factors of 36385887?
3, 113, 181, 593
What are the prime factors of 4465867942?
2, 43, 51928697
What are the prime factors of 44818867?
53, 347, 2437
List the prime factors of 221484890.
2, 5, 11, 29, 69431
What are the prime factors of 519827378?
2, 7, 29, 317, 577
What are the prime factors of 231048105?
3, 5, 17, 101, 8971
What are the prime factors of 629472138?
2, 3, 73, 19687
What are the prime factors of 120252817?
120252817
List the prime factors of 447516780.
2, 3, 5, 7458613
What are the prime factors of 16